{"id":15,"date":"2020-11-24T18:27:55","date_gmt":"2020-11-24T18:27:55","guid":{"rendered":"http:\/\/avcf.aurumpolska.atthost24.pl\/?page_id=15"},"modified":"2023-10-13T12:32:01","modified_gmt":"2023-10-13T12:32:01","slug":"contact","status":"publish","type":"page","link":"https:\/\/aurumfund.eu\/?page_id=15","title":{"rendered":"Kontakt"},"content":{"rendered":"\r\n<p>Aurum Venture Capital Fund Alternatywna Sp\u00f3\u0142ka Inwestycyjna Sp\u00f3\u0142ka z ograniczon\u0105 odpowiedzialno\u015bci\u0105<\/p>\r\n<p>ul. Bys\u0142awska 82<br \/>04-993 Warszawa<br \/>tel. +48 22 612 69 04<br \/>Email: <a href=\"mailto:office@aurumfund.eu\">office@aurum<\/a>fund.eu<\/p>\r\n","protected":false},"excerpt":{"rendered":"<p>Aurum Venture Capital Fund Alternatywna Sp\u00f3\u0142ka Inwestycyjna Sp\u00f3\u0142ka z ograniczon\u0105 odpowiedzialno\u015bci\u0105 ul. Bys\u0142awska 8204-993 Warszawatel. +48 22 612 69 04Email: office@aurumfund.eu<\/p>\n","protected":false},"author":1,"featured_media":0,"parent":0,"menu_order":0,"comment_status":"closed","ping_status":"closed","template":"","meta":{"footnotes":""},"class_list":["post-15","page","type-page","status-publish","hentry","entry"],"_links":{"self":[{"href":"https:\/\/aurumfund.eu\/index.php?rest_route=\/wp\/v2\/pages\/15","targetHints":{"allow":["GET"]}}],"collection":[{"href":"https:\/\/aurumfund.eu\/index.php?rest_route=\/wp\/v2\/pages"}],"about":[{"href":"https:\/\/aurumfund.eu\/index.php?rest_route=\/wp\/v2\/types\/page"}],"author":[{"embeddable":true,"href":"https:\/\/aurumfund.eu\/index.php?rest_route=\/wp\/v2\/users\/1"}],"replies":[{"embeddable":true,"href":"https:\/\/aurumfund.eu\/index.php?rest_route=%2Fwp%2Fv2%2Fcomments&post=15"}],"version-history":[{"count":4,"href":"https:\/\/aurumfund.eu\/index.php?rest_route=\/wp\/v2\/pages\/15\/revisions"}],"predecessor-version":[{"id":42,"href":"https:\/\/aurumfund.eu\/index.php?rest_route=\/wp\/v2\/pages\/15\/revisions\/42"}],"wp:attachment":[{"href":"https:\/\/aurumfund.eu\/index.php?rest_route=%2Fwp%2Fv2%2Fmedia&parent=15"}],"curies":[{"name":"wp","href":"https:\/\/api.w.org\/{rel}","templated":true}]}}